{"id":1123,"date":"2018-05-08T15:06:02","date_gmt":"2018-05-08T15:06:02","guid":{"rendered":"https:\/\/www.peptorres.studio\/nosotros\/"},"modified":"2023-05-22T23:12:37","modified_gmt":"2023-05-22T21:12:37","slug":"about","status":"publish","type":"page","link":"https:\/\/www.peptorres.studio\/en\/about\/","title":{"rendered":"Can Toni d\u2019en Rafal, Sant Agust\u00ed, Ibiza,  settled amid almond trees. A house with history"},"content":{"rendered":"<p>Estudio de arquitectura dirigido por Pep Torres. Titulo de Arquitecto por la ETSA de Barcelona en 1982, Universidad Polit\u00e9cnica de Catalu\u00f1a. Especialidad de proyectos, urbanismo e historia.<\/p>\n<p>Presidente de la Delegaci\u00f3n en Ibiza-Formentera del Colegio de Arquitectos de Baleares 1983\/85 y 1991\/96<\/p>\n","protected":false},"excerpt":{"rendered":"<p>Estudio de arquitectura dirigido por Pep Torres. Titulo de Arquitecto por la ETSA de Barcelona en 1982, Universidad Polit\u00e9cnica de Catalu\u00f1a. Especialidad de proyectos, urbanismo e historia. Presidente de la Delegaci\u00f3n en Ibiza-Formentera del Colegio de Arquitectos de Baleares 1983\/85 y 1991\/96<\/p>\n","protected":false},"author":1,"featured_media":1038,"parent":0,"menu_order":0,"comment_status":"closed","ping_status":"closed","template":"template-about.php","meta":[],"acf":[],"_links":{"self":[{"href":"https:\/\/www.peptorres.studio\/en\/wp-json\/wp\/v2\/pages\/1123"}],"collection":[{"href":"https:\/\/www.peptorres.studio\/en\/wp-json\/wp\/v2\/pages"}],"about":[{"href":"https:\/\/www.peptorres.studio\/en\/wp-json\/wp\/v2\/types\/page"}],"author":[{"embeddable":true,"href":"https:\/\/www.peptorres.studio\/en\/wp-json\/wp\/v2\/users\/1"}],"replies":[{"embeddable":true,"href":"https:\/\/www.peptorres.studio\/en\/wp-json\/wp\/v2\/comments?post=1123"}],"version-history":[{"count":6,"href":"https:\/\/www.peptorres.studio\/en\/wp-json\/wp\/v2\/pages\/1123\/revisions"}],"predecessor-version":[{"id":1733,"href":"https:\/\/www.peptorres.studio\/en\/wp-json\/wp\/v2\/pages\/1123\/revisions\/1733"}],"wp:featuredmedia":[{"embeddable":true,"href":"https:\/\/www.peptorres.studio\/en\/wp-json\/wp\/v2\/media\/1038"}],"wp:attachment":[{"href":"https:\/\/www.peptorres.studio\/en\/wp-json\/wp\/v2\/media?parent=1123"}],"curies":[{"name":"wp","href":"https:\/\/api.w.org\/{rel}","templated":true}]}}

Can Toni d’en Rafal, Sant Agustí, Ibiza,  settled amid almond trees. A house with history

<p>Estudio de arquitectura dirigido por Pep Torres. Titulo de Arquitecto por la ETSA de Barcelona en 1982, Universidad Politécnica de Cataluña. Especialidad de proyectos, urbanismo e historia.</p>
<p>Presidente de la Delegación en Ibiza-Formentera del Colegio de Arquitectos de Baleares 1983/85 y 1991/96</p>

<p>Estudio de arquitectura dirigido por Pep Torres. Titulo de Arquitecto por la ETSA de Barcelona en 1982, Universidad Politécnica de Cataluña. Especialidad de proyectos, urbanismo e historia. Presidente de la Delegación en Ibiza-Formentera del Colegio de Arquitectos de Baleares 1983/85 y 1991/96</p>
